{"id":116,"date":"2023-08-24T22:43:47","date_gmt":"2023-08-24T22:43:47","guid":{"rendered":"https:\/\/gtminug.com\/?page_id=116"},"modified":"2025-08-26T03:03:02","modified_gmt":"2025-08-26T03:03:02","slug":"edicion-2021","status":"publish","type":"page","link":"https:\/\/gtminug.com\/index.php\/edicion-2021\/","title":{"rendered":"EDICI\u00d3N 2021"},"content":{"rendered":"\n<div class=\"wp-block-cover is-light\"><img loading=\"lazy\" decoding=\"async\" width=\"1024\" height=\"766\" class=\"wp-block-cover__image-background wp-image-132 size-large\" alt=\"\" src=\"https:\/\/gtminug.com\/wp-content\/uploads\/2023\/08\/image-4-1024x766.png\" data-object-fit=\"cover\" srcset=\"https:\/\/gtminug.com\/wp-content\/uploads\/2023\/08\/image-4-1024x766.png 1024w, https:\/\/gtminug.com\/wp-content\/uploads\/2023\/08\/image-4-300x225.png 300w, https:\/\/gtminug.com\/wp-content\/uploads\/2023\/08\/image-4-768x575.png 768w, https:\/\/gtminug.com\/wp-content\/uploads\/2023\/08\/image-4.png 1280w\" sizes=\"auto, (max-width: 1024px) 100vw, 1024px\" \/><span aria-hidden=\"true\" class=\"wp-block-cover__background has-background-dim\" style=\"background-color:#7c8492\"><\/span><div class=\"wp-block-cover__inner-container has-global-padding is-layout-constrained wp-block-cover-is-layout-constrained\">\n<p class=\"has-text-align-center has-white-color has-text-color has-link-color has-x-large-font-size wp-elements-424646b4ad4ceb0ce5121142bded1eed\"><strong>\u201cLos desaf\u00edos de la d\u00e9cada de acci\u00f3n de la Agenda 2030<\/strong>&#8220;<\/p>\n<\/div><\/div>\n\n\n\n<p class=\"has-text-align-center has-foreground-color has-text-color has-link-color wp-elements-ac8b77d795c47f8b9e95700db4dc40c3\" style=\"font-size:clamp(14.642px, 0.915rem + ((1vw - 3.2px) * 0.766), 22px);\"><strong>ODS: 10 Reducir las desigualdades y garantizar que nadie se queda atr\u00e1s forma parte integral de la consecuci\u00f3n de los Objetivos de Desarrollo Sostenible<\/strong><\/p>\n\n\n\n<figure class=\"wp-block-table is-style-stripes\" style=\"font-style:normal;font-weight:500\"><table class=\"has-foreground-color has-text-color has-background has-link-color has-fixed-layout\" style=\"background-color:#bacbe7;border-style:none;border-width:0px\"><thead><tr><th class=\"has-text-align-left\" data-align=\"left\"><\/th><th>SECRETARIADO 2020-2021<\/th><th><\/th><\/tr><\/thead><tbody><tr><td class=\"has-text-align-left\" data-align=\"left\">Secretar\u00eda General<\/td><td><strong>Secretar\u00eda de Finanzas<\/strong><\/td><td>Secretar\u00eda de Protocolo<\/td><\/tr><tr><td class=\"has-text-align-left\" data-align=\"left\">Milena It\u00e9 Morales L\u00f3pez &#8211; <strong>Secretaria General<\/strong><br>Jos\u00e9 Carlos Segura &#8211; <strong>Secretario General Adjunto<\/strong><\/td><td>C\u00e9sar Ren\u00e9 Arriaza Buezo &#8211; <strong>Secretari<\/strong>o Titular<br>Lizy Paola P\u00e9rez Rosario &#8211; <strong>Secretaria Adjunta <\/strong><\/td><td>D\u00e1maris Alejandra Benitez Sosa &#8211; <strong>Secretaria Titular<\/strong><br>Jos\u00e9 Pablo Villacinda Herrera &#8211; <strong>Secretario Adjunto <\/strong><br>Yajaira Rosmery Chuc Garc\u00eda &#8211; <strong>Secretaria Adjunta <\/strong><\/td><\/tr><tr><td class=\"has-text-align-left\" data-align=\"left\">Secretar\u00eda de Comunicaciones<\/td><td>Secretar\u00eda Acad\u00e9mica<\/td><td>Secretar\u00eda de Relaciones P\u00fablicas<\/td><\/tr><tr><td class=\"has-text-align-left\" data-align=\"left\">H\u00e9ctor Efra\u00edn Archila C\u00e1ceres &#8211; <strong>Secretario Titular<\/strong><br>Meylin Guisela Mendiz\u00e1bal Castro &#8211; <strong>Secretaria Adjunta<\/strong><br>Cindy Mariela Rivera Gonz\u00e1lez &#8211;<strong> Secretaria Adjunta <\/strong><\/td><td>Diana Paola Gonz\u00e1lez Piedrasanta &#8211; <strong>Secretaria <\/strong>Titular<br>Ammy Margarita de Le\u00f3n Paz &#8211; <strong>Secretaria  Adjunta<br><\/strong>Ana Sof\u00eda Llarena Pallais &#8211; <strong>Secretaria Adjunta<\/strong><br>Jos\u00e9 Pablo Caxaj Laguardia &#8211; <strong>Secretario Adj<\/strong>unto<br>Jos\u00e9 David Yos Vela &#8211; <strong>Secretario  Adjunto<\/strong><br>Wilhelm Christopher Alexander Hengstemberg Morales &#8211; <strong>Secretario Adjunto<\/strong><\/td><td>Adriana Mar\u00eda de Le\u00f3n de Le\u00f3n &#8211; <strong>Secretaria<\/strong> Titular<br>Marie Andrea Beltethon Ayala &#8211;<strong> Secretaria Adjunta<\/strong><br>Jennifer Fabiola D\u00edaz Fuentes &#8211; <strong>Secretaria Adjunta<\/strong><br>Surama Raquel Barillas Godoy &#8211; <strong>Secretaria Adjunta<\/strong><\/td><\/tr><\/tbody><\/table><\/figure>\n\n\n\n<p class=\"has-medium-font-size\"><\/p>\n\n\n\n<div class=\"wp-block-columns is-layout-flex wp-container-core-columns-is-layout-28f84493 wp-block-columns-is-layout-flex\">\n<div class=\"wp-block-column is-layout-flow wp-block-column-is-layout-flow\">\n<figure class=\"wp-block-image size-full\"><img loading=\"lazy\" decoding=\"async\" width=\"624\" height=\"351\" src=\"https:\/\/gtminug.com\/wp-content\/uploads\/2025\/08\/IMG-20210608-WA0025-1.jpg\" alt=\"\" class=\"wp-image-604\" srcset=\"https:\/\/gtminug.com\/wp-content\/uploads\/2025\/08\/IMG-20210608-WA0025-1.jpg 624w, https:\/\/gtminug.com\/wp-content\/uploads\/2025\/08\/IMG-20210608-WA0025-1-300x169.jpg 300w\" sizes=\"auto, (max-width: 624px) 100vw, 624px\" \/><\/figure>\n<\/div>\n\n\n\n<div class=\"wp-block-column is-layout-flow wp-block-column-is-layout-flow\">\n<figure class=\"wp-block-image aligncenter size-large is-resized\"><img loading=\"lazy\" decoding=\"async\" width=\"1024\" height=\"1024\" src=\"https:\/\/gtminug.com\/wp-content\/uploads\/2025\/08\/IMG_20210612_173903_875-1024x1024.jpg\" alt=\"\" class=\"wp-image-606\" style=\"width:277px;height:auto\" srcset=\"https:\/\/gtminug.com\/wp-content\/uploads\/2025\/08\/IMG_20210612_173903_875-1024x1024.jpg 1024w, https:\/\/gtminug.com\/wp-content\/uploads\/2025\/08\/IMG_20210612_173903_875-300x300.jpg 300w, https:\/\/gtminug.com\/wp-content\/uploads\/2025\/08\/IMG_20210612_173903_875-150x150.jpg 150w, https:\/\/gtminug.com\/wp-content\/uploads\/2025\/08\/IMG_20210612_173903_875-768x768.jpg 768w, https:\/\/gtminug.com\/wp-content\/uploads\/2025\/08\/IMG_20210612_173903_875.jpg 1080w\" sizes=\"auto, (max-width: 1024px) 100vw, 1024px\" \/><\/figure>\n<\/div>\n\n\n\n<div class=\"wp-block-column is-layout-flow wp-block-column-is-layout-flow\">\n<figure class=\"wp-block-image size-large\"><img loading=\"lazy\" decoding=\"async\" width=\"1024\" height=\"576\" src=\"https:\/\/gtminug.com\/wp-content\/uploads\/2025\/08\/IMG-20210611-WA0031-1024x576.jpg\" alt=\"\" class=\"wp-image-605\" srcset=\"https:\/\/gtminug.com\/wp-content\/uploads\/2025\/08\/IMG-20210611-WA0031-1024x576.jpg 1024w, https:\/\/gtminug.com\/wp-content\/uploads\/2025\/08\/IMG-20210611-WA0031-300x169.jpg 300w, https:\/\/gtminug.com\/wp-content\/uploads\/2025\/08\/IMG-20210611-WA0031-768x432.jpg 768w, https:\/\/gtminug.com\/wp-content\/uploads\/2025\/08\/IMG-20210611-WA0031.jpg 1280w\" sizes=\"auto, (max-width: 1024px) 100vw, 1024px\" \/><\/figure>\n<\/div>\n<\/div>\n\n\n\n<div class=\"wp-block-columns is-layout-flex wp-container-core-columns-is-layout-28f84493 wp-block-columns-is-layout-flex\">\n<div class=\"wp-block-column is-layout-flow wp-block-column-is-layout-flow\">\n<div data-wp-interactive=\"core\/file\" class=\"wp-block-file\"><object data-wp-bind--hidden=\"!state.hasPdfPreview\" hidden class=\"wp-block-file__embed\" data=\"https:\/\/gtminug.com\/wp-content\/uploads\/2023\/08\/INFORME-FINAL-MINUG-2021-2.pdf\" type=\"application\/pdf\" style=\"width:100%;height:600px\" aria-label=\"Embed of INFORME-FINAL-MINUG-2021-2.\"><\/object><a id=\"wp-block-file--media-5904cfe5-f318-462a-ad57-ce53def494eb\" href=\"https:\/\/gtminug.com\/wp-content\/uploads\/2023\/08\/INFORME-FINAL-MINUG-2021-2.pdf\">INFORME-FINAL-MINUG-2021-2<\/a><a href=\"https:\/\/gtminug.com\/wp-content\/uploads\/2023\/08\/INFORME-FINAL-MINUG-2021-2.pdf\" class=\"wp-block-file__button wp-element-button\" download aria-describedby=\"wp-block-file--media-5904cfe5-f318-462a-ad57-ce53def494eb\">Descarga<\/a><\/div>\n<\/div>\n<\/div>\n","protected":false},"excerpt":{"rendered":"<p>ODS: 10 Reducir las desigualdades y garantizar que nadie se queda atr\u00e1s forma parte integral de la consecuci\u00f3n de los Objetivos de Desarrollo Sostenible SECRETARIADO 2020-2021 Secretar\u00eda General Secretar\u00eda de Finanzas Secretar\u00eda de Protocolo Milena It\u00e9 Morales L\u00f3pez &#8211; Secretaria GeneralJos\u00e9 Carlos Segura &#8211; Secretario General Adjunto C\u00e9sar Ren\u00e9 Arriaza Buezo &#8211; Secretario TitularLizy Paola [&hellip;]<\/p>\n","protected":false},"author":1,"featured_media":0,"parent":0,"menu_order":0,"comment_status":"closed","ping_status":"closed","template":"","meta":{"_monsterinsights_skip_tracking":false,"_monsterinsights_sitenote_active":false,"_monsterinsights_sitenote_note":"","_monsterinsights_sitenote_category":0,"footnotes":""},"class_list":["post-116","page","type-page","status-publish","hentry"],"_links":{"self":[{"href":"https:\/\/gtminug.com\/index.php\/wp-json\/wp\/v2\/pages\/116","targetHints":{"allow":["GET"]}}],"collection":[{"href":"https:\/\/gtminug.com\/index.php\/wp-json\/wp\/v2\/pages"}],"about":[{"href":"https:\/\/gtminug.com\/index.php\/wp-json\/wp\/v2\/types\/page"}],"author":[{"embeddable":true,"href":"https:\/\/gtminug.com\/index.php\/wp-json\/wp\/v2\/users\/1"}],"replies":[{"embeddable":true,"href":"https:\/\/gtminug.com\/index.php\/wp-json\/wp\/v2\/comments?post=116"}],"version-history":[{"count":11,"href":"https:\/\/gtminug.com\/index.php\/wp-json\/wp\/v2\/pages\/116\/revisions"}],"predecessor-version":[{"id":649,"href":"https:\/\/gtminug.com\/index.php\/wp-json\/wp\/v2\/pages\/116\/revisions\/649"}],"wp:attachment":[{"href":"https:\/\/gtminug.com\/index.php\/wp-json\/wp\/v2\/media?parent=116"}],"curies":[{"name":"wp","href":"https:\/\/api.w.org\/{rel}","templated":true}]}}