{"id":149,"date":"2023-08-25T05:26:32","date_gmt":"2023-08-25T05:26:32","guid":{"rendered":"https:\/\/gtminug.com\/?page_id=149"},"modified":"2025-12-08T20:32:53","modified_gmt":"2025-12-08T20:32:53","slug":"recursos-comite","status":"publish","type":"page","link":"https:\/\/gtminug.com\/index.php\/acerca-de-minug\/recursos-comite\/","title":{"rendered":"PREPARACI\u00d3N PARA COMIT\u00c9"},"content":{"rendered":"\n<p class=\"has-medium-font-size\"><\/p>\n\n\n\n<div class=\"wp-block-group has-global-padding is-layout-constrained wp-block-group-is-layout-constrained\">\n<div class=\"wp-block-group is-layout-flow wp-block-group-is-layout-flow\">\n<h2 class=\"wp-block-heading has-max-36-font-size\">Recursos acad\u00e9micos para preparar tu participaci\u00f3n en MINUG<\/h2>\n\n\n\n<div class=\"wp-block-columns is-layout-flex wp-container-core-columns-is-layout-28f84493 wp-block-columns-is-layout-flex\">\n<div class=\"wp-block-column is-style-shadow has-secondary-background-color has-background is-layout-flow wp-block-column-is-layout-flow\" style=\"border-style:none;border-width:0px;padding-top:30px;padding-right:30px;padding-bottom:30px;padding-left:30px\">\n<h2 class=\"wp-block-heading has-white-color has-text-color\">Reglas de Procedimiento y Protocolo<\/h2>\n\n\n\n<figure class=\"wp-block-image size-large\"><img loading=\"lazy\" decoding=\"async\" width=\"1024\" height=\"683\" src=\"https:\/\/gtminug.com\/wp-content\/uploads\/2025\/08\/MINUG2024_DIA2-03-1024x683.jpg\" alt=\"\" class=\"wp-image-563\" srcset=\"https:\/\/gtminug.com\/wp-content\/uploads\/2025\/08\/MINUG2024_DIA2-03-1024x683.jpg 1024w, https:\/\/gtminug.com\/wp-content\/uploads\/2025\/08\/MINUG2024_DIA2-03-300x200.jpg 300w, https:\/\/gtminug.com\/wp-content\/uploads\/2025\/08\/MINUG2024_DIA2-03-768x512.jpg 768w, https:\/\/gtminug.com\/wp-content\/uploads\/2025\/08\/MINUG2024_DIA2-03-1536x1024.jpg 1536w, https:\/\/gtminug.com\/wp-content\/uploads\/2025\/08\/MINUG2024_DIA2-03.jpg 2048w\" sizes=\"auto, (max-width: 1024px) 100vw, 1024px\" \/><\/figure>\n\n\n\n<p>Esta gu\u00eda es un recurso fundamental para todo delegado que participe en una conferencia de MINUG. Explica las Reglas de Procedimiento de manera sencilla y ayuda a comprender el desarrollo de una sesi\u00f3n de comit\u00e9 durante la conferencia.<\/p>\n\n\n\n<div data-wp-interactive=\"core\/file\" class=\"wp-block-file\"><object data-wp-bind--hidden=\"!state.hasPdfPreview\" hidden class=\"wp-block-file__embed\" data=\"https:\/\/gtminug.com\/wp-content\/uploads\/2025\/11\/Reglas-de-Procedimiento-2025.pdf\" type=\"application\/pdf\" style=\"width:100%;height:410px\" aria-label=\"Embed of Reglas de Procedimiento 2025.\"><\/object><a id=\"wp-block-file--media-2cadd433-e4f7-403c-b466-8a061bbaee09\" href=\"https:\/\/gtminug.com\/wp-content\/uploads\/2025\/11\/Reglas-de-Procedimiento-2025.pdf\">Reglas de Procedimiento 2025<\/a><a href=\"https:\/\/gtminug.com\/wp-content\/uploads\/2025\/11\/Reglas-de-Procedimiento-2025.pdf\" class=\"wp-block-file__button wp-element-button\" download aria-describedby=\"wp-block-file--media-2cadd433-e4f7-403c-b466-8a061bbaee09\">Descarga<\/a><\/div>\n<\/div>\n\n\n\n<div class=\"wp-block-column is-style-shadow has-secondary-background-color has-background is-layout-flow wp-block-column-is-layout-flow\" style=\"border-style:none;border-width:0px;padding-top:30px;padding-right:30px;padding-bottom:30px;padding-left:30px\">\n<h2 class=\"wp-block-heading has-white-color has-text-color\">Gu\u00eda del Delegado<\/h2>\n\n\n\n<figure class=\"wp-block-image size-large\"><img loading=\"lazy\" decoding=\"async\" width=\"1024\" height=\"768\" src=\"https:\/\/gtminug.com\/wp-content\/uploads\/2025\/08\/DSCN1138-1024x768.jpg\" alt=\"\" class=\"wp-image-562\" srcset=\"https:\/\/gtminug.com\/wp-content\/uploads\/2025\/08\/DSCN1138-1024x768.jpg 1024w, https:\/\/gtminug.com\/wp-content\/uploads\/2025\/08\/DSCN1138-300x225.jpg 300w, https:\/\/gtminug.com\/wp-content\/uploads\/2025\/08\/DSCN1138-768x576.jpg 768w, https:\/\/gtminug.com\/wp-content\/uploads\/2025\/08\/DSCN1138.jpg 1440w\" sizes=\"auto, (max-width: 1024px) 100vw, 1024px\" \/><\/figure>\n\n\n\n<p>La gu\u00eda del delegado ayuda a los estudiantes a entender la ONU, obtener conocimientos b\u00e1sicos para su participaci\u00f3n y c\u00f3mo comportarse, para participar en MINUG con seguridad y profesionalismo.<\/p>\n\n\n\n<p><\/p>\n\n\n\n<div data-wp-interactive=\"core\/file\" class=\"wp-block-file\"><object data-wp-bind--hidden=\"!state.hasPdfPreview\" hidden class=\"wp-block-file__embed\" data=\"https:\/\/gtminug.com\/wp-content\/uploads\/2025\/11\/Guia-del-Delegado-2025_.pdf\" type=\"application\/pdf\" style=\"width:100%;height:410px\" aria-label=\"Embed of Gui\u0301a del Delegado 2025_.\"><\/object><a id=\"wp-block-file--media-ac050de4-72d3-4bae-963c-cf60c6f86d0a\" href=\"https:\/\/gtminug.com\/wp-content\/uploads\/2025\/11\/Guia-del-Delegado-2025_.pdf\">Gui\u0301a del Delegado 2025_<\/a><a href=\"https:\/\/gtminug.com\/wp-content\/uploads\/2025\/11\/Guia-del-Delegado-2025_.pdf\" class=\"wp-block-file__button wp-element-button\" download aria-describedby=\"wp-block-file--media-ac050de4-72d3-4bae-963c-cf60c6f86d0a\">Descarga<\/a><\/div>\n<\/div>\n\n\n\n<div class=\"wp-block-column is-style-shadow has-secondary-background-color has-background is-layout-flow wp-block-column-is-layout-flow\" style=\"border-style:none;border-width:0px;padding-top:30px;padding-right:30px;padding-bottom:30px;padding-left:30px\">\n<h2 class=\"wp-block-heading has-white-color has-text-color\">Gu\u00eda de Position Paper<\/h2>\n\n\n\n<figure class=\"wp-block-image size-large\"><img loading=\"lazy\" decoding=\"async\" width=\"1024\" height=\"768\" src=\"https:\/\/gtminug.com\/wp-content\/uploads\/2025\/08\/DSCN0671-1024x768.jpg\" alt=\"\" class=\"wp-image-564\" srcset=\"https:\/\/gtminug.com\/wp-content\/uploads\/2025\/08\/DSCN0671-1024x768.jpg 1024w, https:\/\/gtminug.com\/wp-content\/uploads\/2025\/08\/DSCN0671-300x225.jpg 300w, https:\/\/gtminug.com\/wp-content\/uploads\/2025\/08\/DSCN0671-768x576.jpg 768w, https:\/\/gtminug.com\/wp-content\/uploads\/2025\/08\/DSCN0671-1536x1152.jpg 1536w, https:\/\/gtminug.com\/wp-content\/uploads\/2025\/08\/DSCN0671-2048x1536.jpg 2048w\" sizes=\"auto, (max-width: 1024px) 100vw, 1024px\" \/><\/figure>\n\n\n\n<p>La gu\u00eda de position paper ayudar\u00e1 a los delegados a preparar su informe breve, donde explican la postura de su pa\u00eds o instituci\u00f3n sobre los temas que se discutir\u00e1n en un comit\u00e9, adem\u00e1s de establecer los l\u00edneamientos para optar a una reconocimiento durante la conferencia. <\/p>\n\n\n\n<div data-wp-interactive=\"core\/file\" class=\"wp-block-file\"><object data-wp-bind--hidden=\"!state.hasPdfPreview\" hidden class=\"wp-block-file__embed\" data=\"https:\/\/gtminug.com\/wp-content\/uploads\/2025\/11\/Guia-PP-2025-1.pdf\" type=\"application\/pdf\" style=\"width:100%;height:410px\" aria-label=\"Embed of Gui\u0301a PP 2025 (1).\"><\/object><a id=\"wp-block-file--media-a7f0219e-282d-4383-b371-b14d5c161890\" href=\"https:\/\/gtminug.com\/wp-content\/uploads\/2025\/11\/Guia-PP-2025-1.pdf\">Gui\u0301a PP 2025 (1)<\/a><a href=\"https:\/\/gtminug.com\/wp-content\/uploads\/2025\/11\/Guia-PP-2025-1.pdf\" class=\"wp-block-file__button wp-element-button\" download aria-describedby=\"wp-block-file--media-a7f0219e-282d-4383-b371-b14d5c161890\">Descarga<\/a><\/div>\n<\/div>\n<\/div>\n<\/div>\n<\/div>\n\n\n\n<p class=\"has-foreground-color has-text-color has-link-color wp-elements-92b153cafdfb3ad61b6302366e527ab3\">*<em>Estas Gu\u00edas est\u00e1n basadas en el formato utilizado por el National Model of United Nations -NMUN- en la sede de las Naciones Unidas, Nueva York; y el Modelo de Naciones Unidas para Am\u00e9rica Latina y el Caribe &#8211; MONULAC-, proyecto regional que adapt\u00f3 el protocolo al idioma espa\u00f1ol.<\/em>*<\/p>\n\n\n\n<div class=\"wp-block-cover is-light\"><img loading=\"lazy\" decoding=\"async\" width=\"1024\" height=\"768\" class=\"wp-block-cover__image-background wp-image-696 size-large\" alt=\"\" src=\"https:\/\/gtminug.com\/wp-content\/uploads\/2025\/11\/DSCN0986-1024x768.jpg\" data-object-fit=\"cover\" srcset=\"https:\/\/gtminug.com\/wp-content\/uploads\/2025\/11\/DSCN0986-1024x768.jpg 1024w, https:\/\/gtminug.com\/wp-content\/uploads\/2025\/11\/DSCN0986-300x225.jpg 300w, https:\/\/gtminug.com\/wp-content\/uploads\/2025\/11\/DSCN0986-768x576.jpg 768w, https:\/\/gtminug.com\/wp-content\/uploads\/2025\/11\/DSCN0986-1536x1152.jpg 1536w, https:\/\/gtminug.com\/wp-content\/uploads\/2025\/11\/DSCN0986-2048x1536.jpg 2048w\" sizes=\"auto, (max-width: 1024px) 100vw, 1024px\" \/><span aria-hidden=\"true\" class=\"wp-block-cover__background has-background-dim\" style=\"background-color:#8d8c8b\"><\/span><div class=\"wp-block-cover__inner-container has-global-padding is-layout-constrained wp-block-cover-is-layout-constrained\">\n<p class=\"has-text-align-center has-white-color has-text-color has-link-color has-epilogue-font-family has-large-font-size wp-elements-a2b94a53f98fb69ab52b4e9b6ec3239d\" style=\"font-style:normal;font-weight:700;line-height:0.3\">\u00bfYa le\u00edste estos <\/p>\n\n\n\n<p class=\"has-text-align-center has-white-color has-text-color has-link-color has-epilogue-font-family has-large-font-size wp-elements-7f4d43b1ba6b7ba064d7df191162010b\" style=\"font-style:normal;font-weight:700;line-height:0.3\">documentos?<\/p>\n\n\n\n<p class=\"has-text-align-center has-white-color has-text-color has-link-color has-epilogue-font-family has-large-font-size wp-elements-3f5479a74f04a48780ace0a6506e8fe7\" style=\"font-style:normal;font-weight:700;line-height:0.3\">Prep\u00e1rate entonces  <\/p>\n\n\n\n<p class=\"has-text-align-center has-white-color has-text-color has-link-color has-epilogue-font-family has-large-font-size wp-elements-a078a7cb3a8b877b61d043d55ee300dd\" style=\"font-style:normal;font-weight:700;line-height:0.3\">para el comit\u00e9 al que <\/p>\n\n\n\n<p class=\"has-text-align-center has-white-color has-text-color has-link-color has-epilogue-font-family has-large-font-size wp-elements-5e6d9e3e4c583c11cc13e02a4f707aea\" style=\"font-style:normal;font-weight:700;line-height:0.3\">fuiste asignado<\/p>\n\n\n\n<div class=\"wp-block-buttons is-content-justification-center is-layout-flex wp-container-core-buttons-is-layout-a89b3969 wp-block-buttons-is-layout-flex\">\n<div class=\"wp-block-button\"><a class=\"wp-block-button__link wp-element-button\" href=\"https:\/\/gtminug.com\/index.php\/guias\/\">Gu\u00edas de comit\u00e9<\/a><\/div>\n<\/div>\n<\/div><\/div>\n\n\n\n<p><\/p>\n","protected":false},"excerpt":{"rendered":"<p>Recursos acad\u00e9micos para preparar tu participaci\u00f3n en MINUG Reglas de Procedimiento y Protocolo Esta gu\u00eda es un recurso fundamental para todo delegado que participe en una conferencia de MINUG. Explica las Reglas de Procedimiento de manera sencilla y ayuda a comprender el desarrollo de una sesi\u00f3n de comit\u00e9 durante la conferencia. Gu\u00eda del Delegado La [&hellip;]<\/p>\n","protected":false},"author":1,"featured_media":0,"parent":21,"menu_order":0,"comment_status":"closed","ping_status":"closed","template":"","meta":{"_monsterinsights_skip_tracking":false,"_monsterinsights_sitenote_active":false,"_monsterinsights_sitenote_note":"","_monsterinsights_sitenote_category":0,"footnotes":""},"class_list":["post-149","page","type-page","status-publish","hentry"],"_links":{"self":[{"href":"https:\/\/gtminug.com\/index.php\/wp-json\/wp\/v2\/pages\/149","targetHints":{"allow":["GET"]}}],"collection":[{"href":"https:\/\/gtminug.com\/index.php\/wp-json\/wp\/v2\/pages"}],"about":[{"href":"https:\/\/gtminug.com\/index.php\/wp-json\/wp\/v2\/types\/page"}],"author":[{"embeddable":true,"href":"https:\/\/gtminug.com\/index.php\/wp-json\/wp\/v2\/users\/1"}],"replies":[{"embeddable":true,"href":"https:\/\/gtminug.com\/index.php\/wp-json\/wp\/v2\/comments?post=149"}],"version-history":[{"count":12,"href":"https:\/\/gtminug.com\/index.php\/wp-json\/wp\/v2\/pages\/149\/revisions"}],"predecessor-version":[{"id":726,"href":"https:\/\/gtminug.com\/index.php\/wp-json\/wp\/v2\/pages\/149\/revisions\/726"}],"up":[{"embeddable":true,"href":"https:\/\/gtminug.com\/index.php\/wp-json\/wp\/v2\/pages\/21"}],"wp:attachment":[{"href":"https:\/\/gtminug.com\/index.php\/wp-json\/wp\/v2\/media?parent=149"}],"curies":[{"name":"wp","href":"https:\/\/api.w.org\/{rel}","templated":true}]}}