{"id":21,"date":"2023-07-31T20:44:01","date_gmt":"2023-07-31T20:44:01","guid":{"rendered":"https:\/\/gtminug.com\/?page_id=21"},"modified":"2023-08-26T01:11:45","modified_gmt":"2023-08-26T01:11:45","slug":"acerca-de-minug","status":"publish","type":"page","link":"https:\/\/gtminug.com\/index.php\/acerca-de-minug\/","title":{"rendered":"ACERCA DE MINUG"},"content":{"rendered":"\n<p class=\"has-medium-font-size\">El Modelo de Naciones Unidas de Guatemala mejor conocido por sus siglas MINUG, es un destacado Modelo de Naciones Unidas que busca promover el entendimiento global, la diplomacia y el debate constructivo entre estudiantes y j\u00f3venes de toda Am\u00e9rica Latina. Como una de las principales organizaciones estudiantiles del pa\u00eds en promover la resoluci\u00f3n de conflictos a trav\u00e9s del di\u00e1logo, MINUG ofrece una plataforma \u00fanica para que los participantes desarrollen habilidades de liderazgo, investigaci\u00f3n y negociaci\u00f3n mientras abordan los desaf\u00edos internacionales m\u00e1s apremiantes.<\/p>\n\n\n\n<figure class=\"wp-block-gallery has-nested-images columns-default is-cropped wp-block-gallery-1 is-layout-flex wp-block-gallery-is-layout-flex\">\n<figure class=\"wp-block-image size-large\"><img loading=\"lazy\" decoding=\"async\" width=\"960\" height=\"640\" data-id=\"93\" src=\"https:\/\/gtminug.com\/wp-content\/uploads\/2023\/07\/86461022_205781310796492_197014479194554368_n-4.jpg\" alt=\"\" class=\"wp-image-93\" srcset=\"https:\/\/gtminug.com\/wp-content\/uploads\/2023\/07\/86461022_205781310796492_197014479194554368_n-4.jpg 960w, https:\/\/gtminug.com\/wp-content\/uploads\/2023\/07\/86461022_205781310796492_197014479194554368_n-4-300x200.jpg 300w, https:\/\/gtminug.com\/wp-content\/uploads\/2023\/07\/86461022_205781310796492_197014479194554368_n-4-768x512.jpg 768w\" sizes=\"auto, (max-width: 960px) 100vw, 960px\" \/><\/figure>\n<\/figure>\n\n\n\n<p class=\"has-medium-font-size\">Nuestro objetivo principal es fomentar una comprensi\u00f3n profunda de los asuntos globales y promover el esp\u00edritu de cooperaci\u00f3n internacional entre los j\u00f3venes. A trav\u00e9s de simular el funcionamiento de las Naciones Unidas, los participantes en MINUG tienen la oportunidad de representar a diferentes pa\u00edses, asumiendo roles diplom\u00e1ticos y discutiendo temas relevantes en comit\u00e9s especializados.<\/p>\n\n\n\n<p class=\"has-medium-font-size\">Cada a\u00f1o, MINUG organiza una conferencia nacional de Modelos de Naciones Unidas, donde estudiantes de todo el pa\u00eds y Am\u00e9rica, se re\u00fanen durante varios d\u00edas para participar en debates, negociaciones y resoluci\u00f3n de problemas. Nuestra conferencia ofrece un espacio inclusivo y din\u00e1mico para que los j\u00f3venes expresen sus ideas, mejoren sus habilidades comunicativas y desarrollen soluciones creativas a problemas globales complejos.<\/p>\n\n\n\n<p class=\"has-medium-font-size\">A trav\u00e9s de nuestra labor, MINUG busca fomentar la conciencia global, el pensamiento cr\u00edtico y la responsabilidad ciudadana. Creemos en el poder transformador de la educaci\u00f3n en la formaci\u00f3n de l\u00edderes del futuro y en la importancia de brindar a los j\u00f3venes las herramientas necesarias para convertirse en agentes de cambio positivo en sus comunidades y en el mundo.<\/p>\n\n\n\n<p class=\"has-link-color has-medium-font-size wp-elements-2bfe274d2581f63e4f3dd75ffe4d92dc\">\u00danete a MINUG y descubre el emocionante mundo de la diplomacia, el debate y la resoluci\u00f3n de conflictos. <\/p>\n\n\n\n<blockquote class=\"wp-block-quote has-text-align-center has-white-color has-text-color has-background has-link-color has-medium-font-size wp-elements-ccc8f4d2a35697a53ae3ead18d241d52 is-layout-flow wp-block-quote-is-layout-flow\" style=\"background:linear-gradient(135deg,rgb(6,147,227) 0%,rgb(0,73,116) 100%)\">\n<p><strong>\u00a1S\u00e9 el cambio que quieres ver en el mundo!<\/strong><\/p>\n<cite>&nbsp;Mahatma Gandhi<\/cite><\/blockquote>\n\n\n\n<figure class=\"wp-block-gallery has-nested-images columns-default wp-block-gallery-2 is-layout-flex wp-block-gallery-is-layout-flex\">\n<figure class=\"wp-block-image size-full\"><img loading=\"lazy\" decoding=\"async\" width=\"960\" height=\"640\" data-id=\"173\" src=\"https:\/\/gtminug.com\/wp-content\/uploads\/2023\/08\/86723985_205782980796325_6404945004648726528_n.jpg\" alt=\"\" class=\"wp-image-173\" srcset=\"https:\/\/gtminug.com\/wp-content\/uploads\/2023\/08\/86723985_205782980796325_6404945004648726528_n.jpg 960w, https:\/\/gtminug.com\/wp-content\/uploads\/2023\/08\/86723985_205782980796325_6404945004648726528_n-300x200.jpg 300w, https:\/\/gtminug.com\/wp-content\/uploads\/2023\/08\/86723985_205782980796325_6404945004648726528_n-768x512.jpg 768w\" sizes=\"auto, (max-width: 960px) 100vw, 960px\" \/><\/figure>\n<\/figure>\n","protected":false},"excerpt":{"rendered":"<p>El Modelo de Naciones Unidas de Guatemala mejor conocido por sus siglas MINUG, es un destacado Modelo de Naciones Unidas que busca promover el entendimiento global, la diplomacia y el debate constructivo entre estudiantes y j\u00f3venes de toda Am\u00e9rica Latina. Como una de las principales organizaciones estudiantiles del pa\u00eds en promover la resoluci\u00f3n de conflictos [&hellip;]<\/p>\n","protected":false},"author":1,"featured_media":0,"parent":0,"menu_order":0,"comment_status":"closed","ping_status":"closed","template":"","meta":{"_monsterinsights_skip_tracking":false,"_monsterinsights_sitenote_active":false,"_monsterinsights_sitenote_note":"","_monsterinsights_sitenote_category":0,"footnotes":""},"class_list":["post-21","page","type-page","status-publish","hentry"],"_links":{"self":[{"href":"https:\/\/gtminug.com\/index.php\/wp-json\/wp\/v2\/pages\/21","targetHints":{"allow":["GET"]}}],"collection":[{"href":"https:\/\/gtminug.com\/index.php\/wp-json\/wp\/v2\/pages"}],"about":[{"href":"https:\/\/gtminug.com\/index.php\/wp-json\/wp\/v2\/types\/page"}],"author":[{"embeddable":true,"href":"https:\/\/gtminug.com\/index.php\/wp-json\/wp\/v2\/users\/1"}],"replies":[{"embeddable":true,"href":"https:\/\/gtminug.com\/index.php\/wp-json\/wp\/v2\/comments?post=21"}],"version-history":[{"count":10,"href":"https:\/\/gtminug.com\/index.php\/wp-json\/wp\/v2\/pages\/21\/revisions"}],"predecessor-version":[{"id":319,"href":"https:\/\/gtminug.com\/index.php\/wp-json\/wp\/v2\/pages\/21\/revisions\/319"}],"wp:attachment":[{"href":"https:\/\/gtminug.com\/index.php\/wp-json\/wp\/v2\/media?parent=21"}],"curies":[{"name":"wp","href":"https:\/\/api.w.org\/{rel}","templated":true}]}}