{"id":292,"date":"2023-08-25T17:46:10","date_gmt":"2023-08-25T17:46:10","guid":{"rendered":"https:\/\/gtminug.com\/?page_id=292"},"modified":"2026-04-17T16:12:57","modified_gmt":"2026-04-17T16:12:57","slug":"comite-ejecutivo","status":"publish","type":"page","link":"https:\/\/gtminug.com\/index.php\/comite-ejecutivo\/","title":{"rendered":"COMIT\u00c9 EJECUTIVO"},"content":{"rendered":"\n<p class=\"has-foreground-color has-text-color has-link-color has-medium-font-size wp-elements-693a911f8329980ba71407f58bb2ae57\">El Comit\u00e9 Ejecutivo de MINUG es el \u00f3rgano de mayor jerarqu\u00eda, encargado de la toma de decisiones estrat\u00e9gicas y la planificaci\u00f3n del programa anual. Compuesto por siete miembros clave, este comit\u00e9 vela por el cumplimiento de los estatutos y asume un rol fundamental en la definici\u00f3n de la direcci\u00f3n y el desarrollo del Modelo de Naciones Unidas en Guatemala. Entre sus principales funciones se incluyen la definici\u00f3n del n\u00famero de sesiones anuales, la selecci\u00f3n del secretariado, la asesor\u00eda al equipo vigente, as\u00ed como la relaci\u00f3n con aliados estrat\u00e9gicos y actores clave. Adem\u00e1s, el comit\u00e9 tiene la responsabilidad de refrendar decisiones que impacten la imagen del MINUG y definir la tem\u00e1tica anual de la conferencia.<\/p>\n\n\n\n<p class=\"has-white-color has-text-color has-background has-large-font-size\" style=\"background:linear-gradient(135deg,rgb(6,147,227) 0%,rgb(0,73,116) 100%)\"><strong>Nuestros miembros<\/strong><\/p>\n\n\n\n<p><\/p>\n\n\n\n<div class=\"wp-block-media-text alignwide is-stacked-on-mobile\" style=\"grid-template-columns:30% auto\"><figure class=\"wp-block-media-text__media\"><img loading=\"lazy\" decoding=\"async\" width=\"768\" height=\"1024\" src=\"https:\/\/gtminug.com\/wp-content\/uploads\/2025\/08\/WhatsApp-Image-2025-08-22-at-10.43.15-PM-768x1024.jpeg\" alt=\"\" class=\"wp-image-578 size-full\" srcset=\"https:\/\/gtminug.com\/wp-content\/uploads\/2025\/08\/WhatsApp-Image-2025-08-22-at-10.43.15-PM-768x1024.jpeg 768w, https:\/\/gtminug.com\/wp-content\/uploads\/2025\/08\/WhatsApp-Image-2025-08-22-at-10.43.15-PM-225x300.jpeg 225w, https:\/\/gtminug.com\/wp-content\/uploads\/2025\/08\/WhatsApp-Image-2025-08-22-at-10.43.15-PM-1152x1536.jpeg 1152w, https:\/\/gtminug.com\/wp-content\/uploads\/2025\/08\/WhatsApp-Image-2025-08-22-at-10.43.15-PM-1536x2048.jpeg 1536w, https:\/\/gtminug.com\/wp-content\/uploads\/2025\/08\/WhatsApp-Image-2025-08-22-at-10.43.15-PM-scaled.jpeg 1920w\" sizes=\"auto, (max-width: 768px) 100vw, 768px\" \/><\/figure><div class=\"wp-block-media-text__content\">\n<p class=\"has-foreground-color has-text-color\" style=\"font-size:clamp(23.54px, 1.471rem + ((1vw - 3.2px) * 1.61), 39px);\"><strong>Mauricio&nbsp;Abraham <\/strong> <strong>Rosales Schettini<\/strong><\/p>\n\n\n\n<p class=\"has-foreground-color has-text-color has-link-color has-epilogue-font-family has-small-font-size wp-elements-63b775747e4bcb6dd4a5f707a9e4563c\">Internacionalista por la Universidad Rafael Land\u00edvar. Cuenta con una maestr\u00eda en Resoluci\u00f3n de Conflictos, Paz y Desarrollo por la Universidad de las Naciones Unidas para la Paz (UPEACE), complementada con una estancia de investigaci\u00f3n en el Instituto DEMOSPAZ de la Universidad Aut\u00f3noma de Madrid (UAM), Espa\u00f1a.<br>Es miembro cofundador de MINUG, organizaci\u00f3n en la que se desempe\u00f1\u00f3 como primer Secretario General durante el per\u00edodo 2019\u20132020. Ha ejercido como catedr\u00e1tico universitario y labor\u00f3 en la Organizaci\u00f3n Internacional para las Migraciones (OIM), acumulando amplia experiencia en migraci\u00f3n, cooperaci\u00f3n internacional y gesti\u00f3n de proyectos.<\/p>\n\n\n\n<p class=\"has-foreground-color has-text-color has-link-color has-epilogue-font-family has-small-font-size wp-elements-869fbdeeb090a8bc088f4c8708b62835\">Cuenta adem\u00e1s con formaci\u00f3n complementaria en liderazgo y ciudadan\u00eda, a trav\u00e9s del Diplomado en Formaci\u00f3n Pol\u00edtica y Ciudadana de la Universidad Rafael Land\u00edvar. Ha representado a Guatemala en diversos foros multilaterales del sistema de Naciones Unidas en pa\u00edses como Chile, M\u00e9xico, Costa Rica, Guatemala y Estados Unidos (Nueva York), participando activamente en espacios de di\u00e1logo sobre migraci\u00f3n, desarrollo y derechos humanos.<\/p>\n\n\n\n<p class=\"has-foreground-color has-text-color has-link-color has-epilogue-font-family has-small-font-size wp-elements-4154384210330596d77ca24ee1d04797\">Actualmente se desempe\u00f1a como Vicec\u00f3nsul del Consulado de Guatemala en Oklahoma, Estados Unidos de Am\u00e9rica del Ministerio de Relaciones Exteriores<\/p>\n<\/div><\/div>\n\n\n\n<div class=\"wp-block-media-text alignwide is-stacked-on-mobile\" style=\"grid-template-columns:30% auto\"><figure class=\"wp-block-media-text__media\"><img loading=\"lazy\" decoding=\"async\" width=\"768\" height=\"1024\" src=\"https:\/\/gtminug.com\/wp-content\/uploads\/2025\/08\/WhatsApp-Image-2025-08-22-at-6.47.46-PM-768x1024.jpeg\" alt=\"\" class=\"wp-image-541 size-full\" srcset=\"https:\/\/gtminug.com\/wp-content\/uploads\/2025\/08\/WhatsApp-Image-2025-08-22-at-6.47.46-PM-768x1024.jpeg 768w, https:\/\/gtminug.com\/wp-content\/uploads\/2025\/08\/WhatsApp-Image-2025-08-22-at-6.47.46-PM-225x300.jpeg 225w, https:\/\/gtminug.com\/wp-content\/uploads\/2025\/08\/WhatsApp-Image-2025-08-22-at-6.47.46-PM.jpeg 960w\" sizes=\"auto, (max-width: 768px) 100vw, 768px\" \/><\/figure><div class=\"wp-block-media-text__content\">\n<p class=\"has-foreground-color has-text-color has-max-36-font-size\"><strong>Milena It\u00e9 Morales L\u00f3pez<\/strong><\/p>\n\n\n\n<p class=\"has-foreground-color has-text-color has-link-color has-epilogue-font-family wp-elements-584a9d910bc0beeb89d49c230b4a746a\">Licenciada en  Relaciones Internacionales con especializaci\u00f3n en Seguridad Internacional en la Escuela de Ciencia Pol\u00edtica de la Universidad San Carlos de Guatemala. Secretaria General de la segunda edici\u00f3n de MINUG. Participante en foros internacionales como National Model United Nations (NMUN), Parlement Franchophone des Jeunes des Ameriques (PFJA), intercambio de Asistentes de Lengua por parte de la Rep\u00fablica de Francia y cursos como Strategic Thinking en la State University of New York (SUNY).<\/p>\n<\/div><\/div>\n\n\n\n<div class=\"wp-block-media-text alignwide is-stacked-on-mobile\" style=\"grid-template-columns:30% auto\"><figure class=\"wp-block-media-text__media\"><img loading=\"lazy\" decoding=\"async\" width=\"819\" height=\"1024\" src=\"https:\/\/gtminug.com\/wp-content\/uploads\/2024\/09\/MARIANA-819x1024.png\" alt=\"\" class=\"wp-image-386 size-full\" srcset=\"https:\/\/gtminug.com\/wp-content\/uploads\/2024\/09\/MARIANA-819x1024.png 819w, https:\/\/gtminug.com\/wp-content\/uploads\/2024\/09\/MARIANA-240x300.png 240w, https:\/\/gtminug.com\/wp-content\/uploads\/2024\/09\/MARIANA-768x960.png 768w, https:\/\/gtminug.com\/wp-content\/uploads\/2024\/09\/MARIANA.png 1080w\" sizes=\"auto, (max-width: 819px) 100vw, 819px\" \/><\/figure><div class=\"wp-block-media-text__content\">\n<p class=\"has-foreground-color has-text-color has-max-36-font-size\"><strong>M<\/strong>ariana Alejandra Molina Valdez<\/p>\n\n\n\n<p class=\"has-foreground-color has-text-color has-link-color has-epilogue-font-family has-small-font-size wp-elements-1741c173cfde18d63b6e67b427632c00\">Estudiante de la Licenciatura en Relaciones Internacionales en la Universidad Rafael Land\u00edvar, voluntaria en diversas organizaciones no gubernamentales nacionales e internacionales, ha sido reconocida por su liderazgo y trabajo en favor de las juventudes a nivel nacional, gestora de proyectos sociales y juveniles, capacitadora, conferencista y escritora<\/p>\n<\/div><\/div>\n\n\n\n<div class=\"wp-block-media-text alignwide is-stacked-on-mobile\" style=\"grid-template-columns:30% auto\"><figure class=\"wp-block-media-text__media\"><img loading=\"lazy\" decoding=\"async\" width=\"831\" height=\"1024\" src=\"https:\/\/gtminug.com\/wp-content\/uploads\/2024\/09\/Fernanda-Gonzalez-SGA-831x1024.jpg\" alt=\"\" class=\"wp-image-363 size-full\" srcset=\"https:\/\/gtminug.com\/wp-content\/uploads\/2024\/09\/Fernanda-Gonzalez-SGA-831x1024.jpg 831w, https:\/\/gtminug.com\/wp-content\/uploads\/2024\/09\/Fernanda-Gonzalez-SGA-244x300.jpg 244w, https:\/\/gtminug.com\/wp-content\/uploads\/2024\/09\/Fernanda-Gonzalez-SGA-768x946.jpg 768w, https:\/\/gtminug.com\/wp-content\/uploads\/2024\/09\/Fernanda-Gonzalez-SGA-1247x1536.jpg 1247w, https:\/\/gtminug.com\/wp-content\/uploads\/2024\/09\/Fernanda-Gonzalez-SGA-1663x2048.jpg 1663w\" sizes=\"auto, (max-width: 831px) 100vw, 831px\" \/><\/figure><div class=\"wp-block-media-text__content\">\n<p class=\"has-foreground-color has-text-color has-max-36-font-size\">Fernanda Lizeth Gonz\u00e1lez Ram\u00edrez<\/p>\n\n\n\n<p class=\"has-foreground-color has-text-color has-link-color has-epilogue-font-family has-small-font-size wp-elements-ed4dfa7034fb082ec6bad1a6078a940d\">Estudiante de la Licenciatura en Diplomacia y Relaciones Internacionales y T\u00e9cnico en Protocolo y Gesti\u00f3n de Servicio Internacional por la Universidad Galileo. Interesada por abordar m\u00faltiples cuestiones relacionadas al entorno internacional, ha participado activamente en diversos debates y proyectos acad\u00e9micos que ampl\u00edan su visi\u00f3n del mundo. Ha puesto en pr\u00e1ctica sus conocimientos y habilidades diplom\u00e1ticas en diversas actividades, demostrando su compromiso de tener un impacto positivo en el mundo.&nbsp;Fiel creyente del poder de la educaci\u00f3n y la dedicaci\u00f3n como catalizadores para lograr objetivos a escala personal, comunitaria y de pa\u00eds, aspira a contribuir significativamente a forjar un futuro m\u00e1s inclusivo y equitativo para todos.<\/p>\n<\/div><\/div>\n\n\n\n<p><\/p>\n","protected":false},"excerpt":{"rendered":"<p>El Comit\u00e9 Ejecutivo de MINUG es el \u00f3rgano de mayor jerarqu\u00eda, encargado de la toma de decisiones estrat\u00e9gicas y la planificaci\u00f3n del programa anual. Compuesto por siete miembros clave, este comit\u00e9 vela por el cumplimiento de los estatutos y asume un rol fundamental en la definici\u00f3n de la direcci\u00f3n y el desarrollo del Modelo de [&hellip;]<\/p>\n","protected":false},"author":1,"featured_media":0,"parent":0,"menu_order":0,"comment_status":"closed","ping_status":"closed","template":"","meta":{"_monsterinsights_skip_tracking":false,"_monsterinsights_sitenote_active":false,"_monsterinsights_sitenote_note":"","_monsterinsights_sitenote_category":0,"footnotes":""},"class_list":["post-292","page","type-page","status-publish","hentry"],"_links":{"self":[{"href":"https:\/\/gtminug.com\/index.php\/wp-json\/wp\/v2\/pages\/292","targetHints":{"allow":["GET"]}}],"collection":[{"href":"https:\/\/gtminug.com\/index.php\/wp-json\/wp\/v2\/pages"}],"about":[{"href":"https:\/\/gtminug.com\/index.php\/wp-json\/wp\/v2\/types\/page"}],"author":[{"embeddable":true,"href":"https:\/\/gtminug.com\/index.php\/wp-json\/wp\/v2\/users\/1"}],"replies":[{"embeddable":true,"href":"https:\/\/gtminug.com\/index.php\/wp-json\/wp\/v2\/comments?post=292"}],"version-history":[{"count":17,"href":"https:\/\/gtminug.com\/index.php\/wp-json\/wp\/v2\/pages\/292\/revisions"}],"predecessor-version":[{"id":804,"href":"https:\/\/gtminug.com\/index.php\/wp-json\/wp\/v2\/pages\/292\/revisions\/804"}],"wp:attachment":[{"href":"https:\/\/gtminug.com\/index.php\/wp-json\/wp\/v2\/media?parent=292"}],"curies":[{"name":"wp","href":"https:\/\/api.w.org\/{rel}","templated":true}]}}