{"id":665,"date":"2025-08-28T23:28:25","date_gmt":"2025-08-28T23:28:25","guid":{"rendered":"https:\/\/gtminug.com\/?page_id=665"},"modified":"2025-09-11T16:56:50","modified_gmt":"2025-09-11T16:56:50","slug":"665-2","status":"publish","type":"page","link":"https:\/\/gtminug.com\/index.php\/665-2\/","title":{"rendered":""},"content":{"rendered":"\n<div class=\"wp-block-cover aligncenter has-custom-content-position is-position-bottom-center\" style=\"min-height:224px;aspect-ratio:unset;\"><img loading=\"lazy\" decoding=\"async\" width=\"1024\" height=\"768\" class=\"wp-block-cover__image-background wp-image-667 size-large\" alt=\"\" src=\"https:\/\/gtminug.com\/wp-content\/uploads\/2025\/08\/DSCN0989-1024x768.jpg\" data-object-fit=\"cover\" srcset=\"https:\/\/gtminug.com\/wp-content\/uploads\/2025\/08\/DSCN0989-1024x768.jpg 1024w, https:\/\/gtminug.com\/wp-content\/uploads\/2025\/08\/DSCN0989-300x225.jpg 300w, https:\/\/gtminug.com\/wp-content\/uploads\/2025\/08\/DSCN0989-768x576.jpg 768w, https:\/\/gtminug.com\/wp-content\/uploads\/2025\/08\/DSCN0989-1536x1152.jpg 1536w, https:\/\/gtminug.com\/wp-content\/uploads\/2025\/08\/DSCN0989-2048x1536.jpg 2048w\" sizes=\"auto, (max-width: 1024px) 100vw, 1024px\" \/><span aria-hidden=\"true\" class=\"wp-block-cover__background has-background-dim\" style=\"background-color:#5d595d\"><\/span><div class=\"wp-block-cover__inner-container has-global-padding is-layout-constrained wp-block-cover-is-layout-constrained\">\n<p class=\"has-text-align-center has-background-color has-text-color has-link-color has-x-large-font-size wp-elements-6df457cc6b5fb7707b4484de4ff553ef\"><strong>Preguntas Frecuentes<\/strong><\/p>\n<\/div><\/div>\n\n\n\n<p class=\"has-foreground-color has-text-color has-link-color wp-elements-44c2223eac5e7aeeaee663eb11361b18\">Bienvenido a la p\u00e1gina de preguntas frecuentes, aqu\u00ed encontrar\u00e1s respuestas sobre las dudas m\u00e1s comunes de MINUG. Si lo que buscas no est\u00e1 aqu\u00ed, te recomendamos consultar v\u00eda correo electronico a protocolo.minug@gmail.com <\/p>\n\n\n\n<details class=\"wp-block-details has-primary-color has-text-color has-link-color has-medium-font-size wp-elements-7e01aea737d2abf9b6cef027d24963fc is-layout-flow wp-block-details-is-layout-flow\"><summary>\u00bfCu\u00e1ndo se llevar\u00e1 a cabo el MINUG 2026?<\/summary>\n<p>MINUG 2026 tendr\u00e1 lugar del 2 al 6 de marzo de 2026, en el Campus Central San Francisco de Borja, SJ, de la Universidad Rafael Land\u00edvar. \ud83d\uddd3\ufe0f<\/p>\n<\/details>\n\n\n\n<details class=\"wp-block-details has-primary-color has-text-color has-link-color has-medium-font-size wp-elements-fe6bc364b034362f11e40f8150f29282 is-layout-flow wp-block-details-is-layout-flow\"><summary>\u00bfCu\u00e1les son los comit\u00e9s que tendr\u00e1 MINUG 2026?<\/summary>\n<p>Derivado de las prioridades observadas desde el Sistema de Naciones Unidas a nivel internacional y pa\u00eds, existir\u00e1n 6 comit\u00e9s relacionados con prioridades de la agenda internacional, los cuales son:   <\/p>\n\n\n\n<ul class=\"wp-block-list\">\n<li>Asamblea General, Comisi\u00f3n 1: Desarme y Seguridad Internacional (AG1) <\/li>\n\n\n\n<li>Asamblea General, Comisi\u00f3n 2: Asuntos econ\u00f3micos, financieros, de medio ambiente y desarrollo (AG2)<\/li>\n\n\n\n<li>Security Council (Comit\u00e9 en ingl\u00e9s)<\/li>\n\n\n\n<li>Consejo de Derechos Humanos (CDH)<\/li>\n\n\n\n<li>Programa de las Naciones Unidas para el Desarrollo (PNUD)  <\/li>\n\n\n\n<li>Organizaci\u00f3n Internacional para las Migraciones (OIM)<\/li>\n<\/ul>\n<\/details>\n\n\n\n<details class=\"wp-block-details has-primary-color has-text-color has-link-color has-medium-font-size wp-elements-e871e8361196fbecae305f9159b5c1cf is-layout-flow wp-block-details-is-layout-flow\"><summary>Quiero participar en MINUG, \u00bfexisten algunos requisitos que deba cumplir?<\/summary>\n<p>\u00a1En absoluto! MINUG es un espacio en el que estudiantes de diversificado y j\u00f3venes de entre 18 y 35 pueden confluir, debatir y generar ideas innovadoras para problem\u00e1ticas internacionales relevantes, sin importar su \u00e1rea profesional. As\u00ed pues, si te interesa esto, \u00a1no dudes en participar!<\/p>\n<\/details>\n\n\n\n<details class=\"wp-block-details has-primary-color has-text-color has-link-color has-medium-font-size wp-elements-70cb351db0eebe1db3403e0e7325b380 is-layout-flow wp-block-details-is-layout-flow\"><summary>Soy menor de edad \u00bfPuedo participar en MINUG?<\/summary>\n<p>\u00a1Claro! Al momento de tu inscripci\u00f3n se te compartir\u00e1 una carta de consentimiento para que lo llenen tus padres y se te pueda inscribir. <\/p>\n<\/details>\n\n\n\n<details class=\"wp-block-details has-primary-color has-text-color has-link-color has-medium-font-size wp-elements-567aa24176c92b267d0e4e0199e4fd84 is-layout-flow wp-block-details-is-layout-flow\"><summary>\u00bfExiste alg\u00fan costo de participaci\u00f3n?<\/summary>\n<p>S\u00ed, cada persona deber\u00e1 cancelar alrededor de Q300 al momento de su inscripci\u00f3n, lo cual incluye el derecho de participaci\u00f3n, acceso a una estaci\u00f3n de caf\u00e9 e hidrataci\u00f3n y un kit con elementos \u00fatiles para el debate. \ud83d\udce8<\/p>\n<\/details>\n\n\n\n<details class=\"wp-block-details has-primary-color has-text-color has-link-color has-medium-font-size wp-elements-414d0d08b19edd4e44163b6e0f64fad0 is-layout-flow wp-block-details-is-layout-flow\"><summary>\u00bfQu\u00e9 es una delegaci\u00f3n?<\/summary>\n<p>Para participar en MINUG, debes agruparte con tus compa\u00f1eros y formar una equipo de m\u00ednimo 2 personas. A ello le llamamos \u201cdelegaciones\u201d, las cuales permiten que cada grupo sea asignado y represente a un Estado Miembro de la ONU en los distintos comit\u00e9s de MINUG. \ud83c\uddfa\ud83c\uddf3* <strong>*Si una delegaci\u00f3n se excede de 6 miembros, ser\u00e1n separados en cuantas delegaciones sean necesarias.<\/strong><\/p>\n<\/details>\n\n\n\n<details class=\"wp-block-details has-primary-color has-text-color has-link-color has-medium-font-size wp-elements-6ef2d0b428e5dcab901ee9315e801f63 is-layout-flow wp-block-details-is-layout-flow\"><summary>\u00bfCu\u00e1ndo y en qu\u00e9 formato ser\u00e1 la inscripci\u00f3n?<\/summary>\n<p>Las inscripciones de delegados ser\u00e1n a partir del mes de octubre y se har\u00e1 por medio de un Google Forms.&nbsp; \ud83d\udcddMantente al pendiente de nuestras <a href=\"https:\/\/www.instagram.com\/minug.gt\/\">redes sociales<\/a> y <a href=\"https:\/\/gtminug.com\/index.php\/rumbominug-2025\/\">p\u00e1gina web<\/a> para conocer m\u00e1s sobre ello y encontrar el link de inscripci\u00f3n tan pronto lo publiquemos. \ud83d\udc40<\/p>\n<\/details>\n\n\n\n<details class=\"wp-block-details has-primary-color has-text-color has-link-color has-medium-font-size wp-elements-d59f84e702b2d3f4d8802631c5743c93 is-layout-flow wp-block-details-is-layout-flow\"><summary>\u00bfHabr\u00e1 una actividad preparatoria para las delegaciones inscritas?<\/summary>\n<p>\u00a1S\u00ed! MINUG se caracteriza por ser una iniciativa que acompa\u00f1a a los estudiantes y j\u00f3venes antes y durante el evento. Por ello, se realizan sesiones virtuales previas a la semana del Modelo, en las que todos los participantes pueden aclarar dudas sobre las reglas de procedimiento y normativas de participaci\u00f3n en MINUG, y empiezan a fortalecer sus habilidades blandas. Todo ello permitir\u00e1 que su experiencia en la simulaci\u00f3n sea m\u00e1s enriquecedora. \ud83d\udcaf<\/p>\n<\/details>\n\n\n\n<details class=\"wp-block-details has-primary-color has-text-color has-link-color has-medium-font-size wp-elements-52e4d007d977e677dd12e7277b802675 is-layout-flow wp-block-details-is-layout-flow\"><summary>\u00bfLas delegaciones inscritas deber\u00e1n permanecer en las instalaciones de la Universidad Rafael Land\u00edvar en un horario espec\u00edfico del 2 al 6 de marzo de 2026?<\/summary>\n<p>S\u00ed, seg\u00fan la planificaci\u00f3n de MINUG 2026, la jornada tendr\u00e1 un horario de 10 de la ma\u00f1ana a 6 de la tarde, teniendo en cuenta que habr\u00e1 actividades de inauguraci\u00f3n y cierre del evento. \ud83d\udd70\ufe0f*&nbsp;      <strong>*Los horarios ser\u00e1n confirmados v\u00eda correo electr\u00f3nico a las delegaciones.<\/strong><\/p>\n<\/details>\n\n\n\n<details class=\"wp-block-details has-primary-color has-text-color has-link-color has-medium-font-size wp-elements-947bfc9663a104c3e0f61d81598329f9 is-layout-flow wp-block-details-is-layout-flow\"><summary>\u00bfQu\u00e9 otras implicaciones tiene la participaci\u00f3n, en funci\u00f3n del tiempo?<\/summary>\n<p>La simulaci\u00f3n se llevar\u00e1 a cabo \u00fanicamente del 2 al 6 de marzo, en horario de 10 de la ma\u00f1ana a 6 de la tarde, por lo que se hace necesaria una permanencia durante ese tiempo. Adicionalmente, se recomienda la participaci\u00f3n del 100% en las sesiones preparatorias virtuales, que tendr\u00e1n una duraci\u00f3n aproximada de 1 hora.<\/p>\n\n\n\n<p>A ello puede sumarse el tiempo de investigaci\u00f3n, preparaci\u00f3n para el debate y redacci\u00f3n del documento de posici\u00f3n de pa\u00eds (Position Paper), pero este depende de la organizaci\u00f3n de cada delegado. \ud83d\udcda<\/p>\n<\/details>\n\n\n\n<p><\/p>\n","protected":false},"excerpt":{"rendered":"<p>Bienvenido a la p\u00e1gina de preguntas frecuentes, aqu\u00ed encontrar\u00e1s respuestas sobre las dudas m\u00e1s comunes de MINUG. Si lo que buscas no est\u00e1 aqu\u00ed, te recomendamos consultar v\u00eda correo electronico a protocolo.minug@gmail.com<\/p>\n","protected":false},"author":1,"featured_media":0,"parent":0,"menu_order":0,"comment_status":"closed","ping_status":"closed","template":"","meta":{"_monsterinsights_skip_tracking":false,"_monsterinsights_sitenote_active":false,"_monsterinsights_sitenote_note":"","_monsterinsights_sitenote_category":0,"footnotes":""},"class_list":["post-665","page","type-page","status-publish","hentry"],"_links":{"self":[{"href":"https:\/\/gtminug.com\/index.php\/wp-json\/wp\/v2\/pages\/665","targetHints":{"allow":["GET"]}}],"collection":[{"href":"https:\/\/gtminug.com\/index.php\/wp-json\/wp\/v2\/pages"}],"about":[{"href":"https:\/\/gtminug.com\/index.php\/wp-json\/wp\/v2\/types\/page"}],"author":[{"embeddable":true,"href":"https:\/\/gtminug.com\/index.php\/wp-json\/wp\/v2\/users\/1"}],"replies":[{"embeddable":true,"href":"https:\/\/gtminug.com\/index.php\/wp-json\/wp\/v2\/comments?post=665"}],"version-history":[{"count":6,"href":"https:\/\/gtminug.com\/index.php\/wp-json\/wp\/v2\/pages\/665\/revisions"}],"predecessor-version":[{"id":677,"href":"https:\/\/gtminug.com\/index.php\/wp-json\/wp\/v2\/pages\/665\/revisions\/677"}],"wp:attachment":[{"href":"https:\/\/gtminug.com\/index.php\/wp-json\/wp\/v2\/media?parent=665"}],"curies":[{"name":"wp","href":"https:\/\/api.w.org\/{rel}","templated":true}]}}